-11*m. Is m composite?
False
Let k(c) = -c**3 - 6*c**2 + 2*c - 7. Let f be k(-5). Let v = f + 84. Let x = 11 + v. Is x a composite number?
False
Let b = -4906 - -10491. Is b prime?
False
Suppose -8*t = -9*t - 13. Suppose -5*d + 0*d = -2*i + 236, -d - 2*i = 52. Let s = t - d. Is s prime?
False
Let l(f) = 2*f**2 + 96*f + 5. Is l(46) prime?
False
Is (-128527)/(-9) - (4 + 114/(-27)) prime?
True
Suppose -9*p - 6 = -11*p. Suppose m = p*m - 502. Is m a prime number?
True
Suppose 4*a = 10 + 10. Suppose x - 664 = a*x. Is (x + (1 - 4))/(-1) a composite number?
True
Let p be 32/18 - 18/(-81). Is (-3)/p*2 - -126 composite?
True
Let x(c) = 42*c + 1. Suppose 5*v - 4*q = 42, -5*v + q + 48 + 0 = 0. Let f(o) = -o**2 + 13*o - 24. Let b be f(v). Is x(b) composite?
True
Suppose 0 = b - 2, -4*b - 11 - 89 = 3*c. Is 673/8*6 + (-9)/c a prime number?
False
Let b(y) = -2 + 3 - 2 - y**2 + 3*y - 4*y**3. Let v(m) = -2*m**3 + 15*m**2 + 14*m - 51. Let a be v(8). Is b(a) a composite number?
False
Suppose -r + 9 = 2*u + 3, 0 = 4*r + 2*u - 12. Suppose 2 - 6 = q, 4*j = -r*q + 276. Is j a prime number?
True
Let p(m) = -2*m**2 + 12*m + 5. Let z(b) = -5*b**2 + 25*b + 11. Let k(l) = 13*p(l) - 6*z(l). Suppose -j - s + 5 = s, 0 = 5*j + 5*s. Is k(j) a composite number?
True
Let d be -2*(12/8 + -2). Suppose -d = -q - 2, 2*q = -j + 2. Is (-1 + j/6)*-159 composite?
False
Suppose 2*v + 1005 - 6693 = 0. Suppose 7*r - 7411 = v. Is r composite?
True
Let t(u) = 1591*u - 45. Is t(2) a composite number?
False
Suppose -25 = -3*n + 4*f, 4*n - 23 = -n + 2*f. Let b(s) = -s**2 + 16*s - 6. Let z be b(12). Suppose -n*x + x = -z. Is x a prime number?
False
Let u(l) = 156*l - 42. Let b(z) = 105*z - 28. Let j(k) = -8*b(k) + 5*u(k). Suppose 4*q + 24 = 2*q. Is j(q) a prime number?
False
Let r be 1 - (-1)/((-3)/(-12)). Suppose y + 177 = l + l, -r*y + l = 903. Let j = y + 432. Is j a prime number?
True
Suppose s - 3*o - 76311 = -2*s, 3*o = -5*s + 127201. Is s prime?
True
Let r(q) = -129*q + 2. Let n(s) = -s**2 - 2*s - 1. Let d = -6 + 4. Let k be n(d). Is r(k) composite?
False
Let p(s) = 11*s**2 - 21*s + 29. Let g(c) = -6*c**2 + 11*c - 15. Let o(x) = 7*g(x) + 4*p(x). Is o(-7) a prime number?
False
Let n(v) = -1 - 3 - 3*v + 8*v + 6. Let o be n(1). Is ((-6244)/(-16))/o*4 prime?
True
Let k = 132787 + -76574. Is k a composite number?
True
Let b(t) = -9 - 8*t + 11*t - 9*t**2 + 3*t**3 - t + 11*t. Is b(8) composite?
True
Let w(v) = 7080*v + 7. Is w(3) prime?
True
Suppose 5*z - 17985 = -32*j + 30*j, 2*j - 4*z - 18030 = 0. Is j composite?
True
Let f = -44 - -46. Suppose -f*r = 12*r - 3738. Is r a prime number?
False
Suppose 5*b - 3462 = 2943. Let k = b - 746. Is k prime?
False
Suppose 0 = -3*s - 9*s + 10212. Is s a composite number?
True
Let h be 516/42 + (-6)/21. Let r = 331 - h. Is r composite?
True
Suppose 5*s - 17277 = -3*x, 3*x = -2*s + 8782 - 1864. Is s composite?
True
Let j be ((-174)/(-9))/(14/(-21)). Let q = -26 - j. Suppose -a - p = -37, 3 = -q*a + p + 106. Is a prime?
False
Let b = -2856 - -6967. Is b a prime number?
True
Let i be (-76)/13 - (-8)/(-52). Let k = 6 + i. Suppose 4*q + 3*a - 188 = 0, -3*q + 2*a = -k*a - 141. Is q a prime number?
True
Suppose -14816 - 17882 = -2*t. Is t prime?
True
Suppose -5*x - 16 = 44. Let y be ((-4)/x)/((-1)/(-6)). Suppose n - 44 = 5*a, -y*n - 34 = -3*n + 3*a. Is n a prime number?
True
Let k = 1064 + 2529. Is k prime?
True
Suppose -2*g + 3*y = -0*y - 382, 573 = 3*g + 2*y. Let w = 1068 + g. Is w composite?
False
Is (9/(-9 - 0))/((-2)/18058) prime?
True
Let o(a) = -a**3 + 22*a**2 - 15*a + 14. Let w be o(22). Let z be 3/(1*(-1)/73). Let s = z - w. Is s a prime number?
True
Let m(g) = g**3 - 2*g**2 - 3*g + 4. Let t be m(-3). Let w be (0 - 1*-91)*-1. Let x = t - w. Is x composite?
False
Suppose 10*v - 12 = 6*v. Suppose q = -v*x + 659, 2*q - 2*x - 1717 + 367 = 0. Is q a prime number?
False
Let k be 106272/(-20) - 3/(-5). Let d be 3/(-18) + k/(-18). Let q = 506 - d. Is q composite?
False
Suppose -4*t + 5*g + 52409 = -2580, -2*t + 27514 = 4*g. Is t a composite number?
False
Let k be ((-135)/18)/((-1)/32). Suppose 3*l - 1587 = -k. Is l a prime number?
True
Suppose 0 = -c - 3*q + 815, c - 815 = q + q. Suppose -4*l + 9*l - c = 0. Is l a composite number?
False
Let x(t) = -14*t**3 - 56*t**2 - 4*t + 37. Let i(a) = 5*a**3 + 19*a**2 + a - 12. Let p(y) = -11*i(y) - 4*x(y). Is p(-11) a composite number?
True
Let d(k) = -81*k**3 + 4*k**2 - 2*k + 1. Let n be d(-4). Suppose -3*h = 4*h - n. Is h composite?
False
Let m(q) = q**2 - 4*q + 4. Let i be m(3). Let n be -15 + 15 + 2/i. Suppose -522 = -2*l + n*f, 4*l - 1299 = -l + 2*f. Is l prime?
False
Suppose -4*v = s - 7205, 0 = 8*s - 5*s - 3. Is v composite?
False
Suppose 18 = 7*h - 4*h. Is (-1199 + 4/(-8)*h)*-1 prime?
False
Suppose -4*z - 16 = 0, -7*j + 3*z = -2*j - 27. Let c be (604/12 + 3)*j. Let w = c + -78. Is w prime?
False
Suppose -14*z - 133889 = -2030259. Is z prime?
False
Let p = 1085 + -757. Let k(o) = 4*o**2 - 5*o - 1. Let d be k(6). Let u = p - d. Is u a composite number?
True
Let k = -508 - -3141. Is k a composite number?
False
Let c be 2/(-4) + (-81)/(-6). Let i = 58 + -30. Let l = i - c. Is l a prime number?
False
Let s(r) = -r**3 + 2*r**2 + r. Let o be s(2). Is (-1 + o)*(199 + -8) a composite number?
False
Let l(w) = 24*w**2 + 109*w - 70. Is l(-33) a prime number?
True
Let q = 941 + -498. Is q a composite number?
False
Suppose 0 = -7*z + 4*z - 4*p + 72511, 0 = -4*z + 5*p + 96671. Is z a composite number?
False
Suppose -o - 3*o = j - 13, 0 = 3*j + o - 6. Let i be j*(-332)/(-4)*2. Suppose -5*z - 129 = -4*m + 484, -m - 3*z + i = 0. Is m a prime number?
True
Is (-412582)/(-18) + 6/(-27) a prime number?
True
Let y = -5 - -28. Suppose -27*s + 940 = -y*s. Is s prime?
False
Suppose 0 = 29*i + 10*i - 3471. Is i prime?
True
Suppose -128636 = -3*z - 19619. Is z a composite number?
True
Let g(i) = 216*i + 10. Is g(6) composite?
True
Let b be (-4349 + 1)*35/(-14). Suppose 11*x - x - b = 0. Is x composite?
False
Let k = 227 - 134. Suppose 2*q - q = k. Suppose 0 = -2*f + 3*p + 181, f - 5*p - q = -p. Is f a composite number?
False
Let o(a) = a**3 - 11*a**2 - 19*a + 20. Let b be o(14). Let x = b - -1057. Is x prime?
True
Let u(j) = -j**3 + j**2 + 6*j - 5. Let k be ((-3)/(-6) + 1)*-8. Let w = k - -6. Is u(w) prime?
True
Suppose 33 = 2*g - 5*j, 0 = -4*g + 2*j - 6*j + 52. Let r be 21/g + (-1)/(-2). Is 34 + 4 + (-6)/r prime?
False
Suppose -5*v - 15 = 0, 0 = -0*p - 3*p + 4*v + 1419. Suppose 2*c = 1255 - p. Is c a composite number?
True
Suppose 3*c + 6 + 3 = 0. Let h be ((-8)/6)/(2/c). Let p(v) = 59*v - 5. Is p(h) a composite number?
False
Let o be 18/24 + (-85)/(-4). Suppose -4*y - 2*z = -4*z - o, -4*z - 28 = -4*y. Suppose s + 2*a - 43 = 0, y*s - 2*s = 2*a + 116. Is s a prime number?
True
Suppose d = -0*s + 5*s - 3936, -5*s = -3*d - 3938. Suppose 10*x - 30 = 4*x. Suppose 148 = x*c - s. Is c prime?
False
Let l(w) = -w**3 - 2*w**2 - 3*w - 4. Let f be l(-2). Suppose -5*c = -f*z - 1067 - 8770, 4*z = -4. Is c prime?
False
Let i be (1 + 39/(-21))/(2/(-7)). Suppose -i*q = -70 - 179. Is q composite?
False
Let i(x) = 608*x**2 + 2*x + 3. Let g be i(4). Suppose 3*a - 4*p = 5*a - 4886, -4*a + g = -3*p. Is a a prime number?
True
Suppose -3*j - 7 = -v - j, 5*v - 3*j = 21. Suppose v*n = -n. Suppose -3*t = -5*o + 934, o + n*t + 4*t - 173 = 0. Is o a prime number?
False
Let b = -480 + 1053. Let v = 6 + -8. Is (v - 0)*b/(-6) prime?
True
Is 91619/22*(1 - -1) prime?
True
Let x = 32 - 13. Let a = x + 18. Is a/(1*(-1)/(-3)) a prime number?
False
Is 5 - (2/4)/(2/12) composite?
False
Let j be (-12)/(-8)*(3 + -1). Suppose 0 = 3*n - 5*a - 74, 0*n - 2*a - 89 = -j*n. Is n composite?
True
Let q be 2 + 4 + 2 + -5. Let z be (q*-4)/((-3)/2). Is (2 - z)*(-22)/4 composite?
True
Suppose -1901 = 8*k - 18453. Is k composite?
False
Let l(s) = s**3 - 13*s**2 - 16. Let g be l(13). Is g/(-16)*13*41 a composite number?
True
Let k be (1 - 2)/((-1)/4). Suppose b - k = -0*b. Is (b - 4)/4 + 131 a composite number?
False
Suppose 5046 = 4*x - 5*q, -x + 10*q + 1267 = 6*q. Is x a composite number?
False
Suppose 0 = -0*q + 2*q - 10. Let c(g) = -2*g + 12. Let m be c(q). Suppose 0 = 2*w - i + 5*i - 114, 0 = m*w - i - 89. Is w composite?
False
Suppose -1344 = -2*i + 4*w, -i = -2*i - 5*w + 665. Let p = i